{"id":1184,"date":"2016-09-05T19:26:14","date_gmt":"2016-09-05T19:26:14","guid":{"rendered":"http:\/\/demos.famethemes.com\/screenr\/?page_id=8"},"modified":"2023-04-01T11:21:25","modified_gmt":"2023-04-01T10:21:25","slug":"about","status":"publish","type":"page","link":"https:\/\/www.dsacademy.cz\/?page_id=1184","title":{"rendered":"O n\u00e1s"},"content":{"rendered":"<p>Zam\u011bstnanci a spolupracovn\u00edci na\u0161\u00ed spole\u010dnosti maj\u00ed mnohalet\u00e9 zku\u0161enosti s&nbsp;p\u016fsoben\u00edm v&nbsp;bezpe\u010dnostn\u00edch slo\u017ek\u00e1ch a\u0165 u\u017e jako policist\u00e9, voj\u00e1ci, \u010dlenov\u00e9 cizineck\u00e9 legie \u010di jako bodyguardi. Ale nem\u00e1me jen svaly! Jako instrukto\u0159i u n\u00e1s p\u016fsob\u00ed akreditovan\u00ed a vysoko\u0161kolsky vzd\u011blan\u00ed lekto\u0159i, kte\u0159\u00ed um\u00ed v&nbsp;bezpe\u010dn\u00e9m prost\u0159ed\u00ed a s&nbsp;p\u0159\u00e1telsk\u00fdm p\u0159\u00edstupem p\u0159edat maximum sv\u00fdch zku\u0161enost\u00ed a znalost\u00ed.<\/p>\n<p>D\u00edky tomu, \u017ee nejsme \u017e\u00e1dn\u00fd korpor\u00e1t, um\u00edme pru\u017en\u011bji reagovat na po\u017eadavky z\u00e1kazn\u00edk\u016f a p\u0159izp\u016fsobit poskytovan\u00e9 slu\u017eby jejich p\u0159\u00e1n\u00edm. S vyu\u017eit\u00edm nejmodern\u011bj\u0161\u00edch technick\u00fdch prost\u0159edk\u016f, vybaven\u00ed a odborn\u011b pro\u0161kolen\u00fdch pracovn\u00edk\u016f, je na\u0161e spole\u010dnost schopna zajistit komplexn\u00ed slu\u017eby v oblasti bezpe\u010dnosti, a to na vysok\u00e9 profesion\u00e1ln\u00ed \u00farovni.<\/p>\n","protected":false},"excerpt":{"rendered":"<p>Zam\u011bstnanci a spolupracovn\u00edci na\u0161\u00ed spole\u010dnosti maj\u00ed mnohalet\u00e9 zku\u0161enosti s&nbsp;p\u016fsoben\u00edm v&nbsp;bezpe\u010dnostn\u00edch slo\u017ek\u00e1ch a\u0165 u\u017e jako policist\u00e9, voj\u00e1ci, \u010dlenov\u00e9 cizineck\u00e9 legie \u010di jako bodyguardi. Ale nem\u00e1me jen svaly! Jako instrukto\u0159i u n\u00e1s p\u016fsob\u00ed akreditovan\u00ed a vysoko\u0161kolsky vzd\u011blan\u00ed lekto\u0159i, kte\u0159\u00ed um\u00ed v&nbsp;bezpe\u010dn\u00e9m prost\u0159ed\u00ed a s&nbsp;p\u0159\u00e1telsk\u00fdm p\u0159\u00edstupem p\u0159edat maximum sv\u00fdch zku\u0161enost\u00ed a znalost\u00ed. D\u00edky&#8230;<\/p>\n","protected":false},"author":2,"featured_media":0,"parent":0,"menu_order":0,"comment_status":"closed","ping_status":"closed","template":"","meta":{"footnotes":""},"class_list":["post-1184","page","type-page","status-publish","hentry"],"_links":{"self":[{"href":"https:\/\/www.dsacademy.cz\/index.php?rest_route=\/wp\/v2\/pages\/1184","targetHints":{"allow":["GET"]}}],"collection":[{"href":"https:\/\/www.dsacademy.cz\/index.php?rest_route=\/wp\/v2\/pages"}],"about":[{"href":"https:\/\/www.dsacademy.cz\/index.php?rest_route=\/wp\/v2\/types\/page"}],"author":[{"embeddable":true,"href":"https:\/\/www.dsacademy.cz\/index.php?rest_route=\/wp\/v2\/users\/2"}],"replies":[{"embeddable":true,"href":"https:\/\/www.dsacademy.cz\/index.php?rest_route=%2Fwp%2Fv2%2Fcomments&post=1184"}],"version-history":[{"count":5,"href":"https:\/\/www.dsacademy.cz\/index.php?rest_route=\/wp\/v2\/pages\/1184\/revisions"}],"predecessor-version":[{"id":1324,"href":"https:\/\/www.dsacademy.cz\/index.php?rest_route=\/wp\/v2\/pages\/1184\/revisions\/1324"}],"wp:attachment":[{"href":"https:\/\/www.dsacademy.cz\/index.php?rest_route=%2Fwp%2Fv2%2Fmedia&parent=1184"}],"curies":[{"name":"wp","href":"https:\/\/api.w.org\/{rel}","templated":true}]}}